{"id":874,"date":"2022-05-14T18:55:42","date_gmt":"2022-05-14T15:55:42","guid":{"rendered":"http:\/\/www.makyaj.me\/?page_id=874"},"modified":"2022-05-14T18:55:43","modified_gmt":"2022-05-14T15:55:43","slug":"gelin-ten-makyaji","status":"publish","type":"page","link":"http:\/\/www.makyaj.me\/index.php\/gelin-ten-makyaji\/","title":{"rendered":"Gelin Ten Makyaj\u0131"},"content":{"rendered":"\n<div class=\"wp-block-image is-style-rounded\"><figure class=\"aligncenter size-large is-resized\"><img loading=\"lazy\" decoding=\"async\" src=\"http:\/\/www.makyaj.me\/wp-content\/uploads\/2022\/04\/gelin-makyaji-12-1024x682.jpeg\" alt=\"Gelin Ten Makyaj\u0131\" class=\"wp-image-856\" width=\"768\" height=\"512\" srcset=\"http:\/\/www.makyaj.me\/wp-content\/uploads\/2022\/04\/gelin-makyaji-12-1024x682.jpeg 1024w, http:\/\/www.makyaj.me\/wp-content\/uploads\/2022\/04\/gelin-makyaji-12-300x200.jpeg 300w, http:\/\/www.makyaj.me\/wp-content\/uploads\/2022\/04\/gelin-makyaji-12-768x512.jpeg 768w, http:\/\/www.makyaj.me\/wp-content\/uploads\/2022\/04\/gelin-makyaji-12-1536x1023.jpeg 1536w, http:\/\/www.makyaj.me\/wp-content\/uploads\/2022\/04\/gelin-makyaji-12.jpeg 1600w\" sizes=\"auto, (max-width: 768px) 100vw, 768px\" \/><figcaption>Gelin Ten Makyaj\u0131<\/figcaption><\/figure><\/div>\n\n\n\n<p><a href=\"https:\/\/makeupproacademy.com\/gelin-makyaji-2022\/\" target=\"_blank\" rel=\"noreferrer noopener\">Gelin makyajlar\u0131nda<\/a> g\u00f6z makyaj\u0131 kadar <strong>Gelin Ten Makyaj\u0131<\/strong> da \u00e7ok \u00f6nemli. \u00d6zellikle son zamanlarda hayat\u0131m\u0131za ayd\u0131nlat\u0131c\u0131lar\u0131n ve kont\u00f6r uygulamalar\u0131n\u0131n girmesiyle makeup artist ler i\u00e7in de daha \u00f6zenli bir konu oldu .<br>Daha \u00f6nceden parlamamak i\u00e7in \u00e7antam\u0131za konuk olan pudralar \u015fimdi yerini highliter lara , ayd\u0131nlat\u0131c\u0131lara b\u0131rakt\u0131 . Tabiki makeup da s\u00fcrekli trendler de\u011fi\u015fir bu normaldir.<\/p>\n\n\n\n<p>Gelelim g\u00fcn\u00fcm\u00fcze, Konular\u0131 \u015f\u00f6yle ele alal\u0131m ;<\/p>\n\n\n\n<ul class=\"wp-block-list\"><li><strong>Fond\u00f6ten Se\u00e7imi<\/strong><\/li><li><strong>Pudralar<\/strong><\/li><li><strong>Kont\u00f6r uygulamalar\u0131 ve yerleri<\/strong><\/li><li><strong>All\u0131k se\u00e7imi<\/strong><\/li><li><strong>Ruj se\u00e7imi<\/strong><\/li><\/ul>\n\n\n\n<p><strong>Fond\u00f6ten Se\u00e7imi Nas\u0131l Olmal\u0131<\/strong> : Hem tonlama olarak hem de yap\u0131 olarak ne tarz bir fond\u00f6ten tercih etmelisiniz ? \u00d6ncelikle tonlama \u00e7ok \u00f6nemli tabiki. \u00d6zellikle boyun b\u00f6lgeniz ve kollar\u0131n\u0131zla uyumlu tonlamada olan bir renk se\u00e7imi \u00f6nemli . Yap\u0131 olarak ise parlaman\u0131z\u0131 geciktirecek , mat yap\u0131l\u0131 fond\u00f6tenler her zaman uzun s\u00fcren \u00f6zel g\u00fcnler i\u00e7in \u00f6nem ta\u015f\u0131r. Ya\u011f bazl\u0131 fond\u00f6tenler ise s\u00fcrekli parlaman\u0131za sebep olacakt\u0131r ve d\u00fc\u011f\u00fcn foto\u011fraflar\u0131n\u0131zda ya\u011fl\u0131 ve parlak g\u00f6r\u00fcn\u00fcml\u00fc bir y\u00fcze sebebiyet verecektir .<br>Pudra olarak da transparan pudra tavsiye ediyoruz. Yap\u0131lan kont\u00f6rlerin \u00fczerine de bronzer ge\u00e7meyi unutmay\u0131n.<\/p>\n\n\n\n<ol class=\"wp-block-list\"><li>Makyaj\u0131n\u0131za yeteri kadar zaman ay\u0131rmay\u0131 unutmay\u0131n .<\/li><li>Makyaja ba\u015flamadan cildinizi nemlendirmeyi unutmay\u0131n.<\/li><li>Bronzerlarda da\u011f\u0131tma i\u015fleminin iyi yap\u0131ld\u0131\u011f\u0131na emin olun.<\/li><li>Fond\u00f6teni f\u0131r\u00e7a ile s\u00fcr\u00fclse de s\u00fcnger \u00fczerinden ge\u00e7meyi unutmay\u0131n .<\/li><li>Y\u00fcz\u00fcn\u00fcz\u00fcn parlamas\u0131n\u0131 engelleyin az ayd\u0131nlat\u0131c\u0131 kullan\u0131n .<\/li><\/ol>\n\n\n\n<p class=\"has-text-align-right\">Gelin g\u00f6z makyaj\u0131 ile ilgili bilgi almak i\u00e7in <a href=\"http:\/\/www.makyaj.me\/index.php\/gelin-goz-makyaji\/\">Gelin G\u00f6z Makyaj\u0131<\/a> sayfam\u0131za g\u00f6z at\u0131n.<\/p>\n","protected":false},"excerpt":{"rendered":"<p>Gelin Ten Makyaj\u0131 Gelin makyajlar\u0131nda g\u00f6z makyaj\u0131 kadar Gelin Ten Makyaj\u0131 da \u00e7ok \u00f6nemli. \u00d6zellikle son zamanlarda hayat\u0131m\u0131za ayd\u0131nlat\u0131c\u0131lar\u0131n ve kont\u00f6r uygulamalar\u0131n\u0131n girmesiyle makeup artist ler i\u00e7in de daha \u00f6zenli bir konu oldu .Daha \u00f6nceden parlamamak i\u00e7in \u00e7antam\u0131za konuk olan pudralar \u015fimdi yerini highliter lara , ayd\u0131nlat\u0131c\u0131lara b\u0131rakt\u0131 . Tabiki makeup da s\u00fcrekli trendler de\u011fi\u015fir &hellip;<\/p>\n","protected":false},"author":1,"featured_media":856,"parent":0,"menu_order":0,"comment_status":"closed","ping_status":"closed","template":"","meta":{"footnotes":""},"tags":[61,60,66,69,62,70,63,71,67,64,68,65,55],"class_list":["post-874","page","type-page","status-publish","has-post-thumbnail","","tag-bobbi-brown-fondoten-kullananlar","tag-bodrum-makeup-artist","tag-bridal-makeup-bodrum","tag-gelin-makyaj-malzemeleri-listesi","tag-gelin-makyaji-fondoten","tag-gelin-makyaji-soft","tag-gelin-saci-2022","tag-gelin-ten-makyaji","tag-hair-and-makeup-turkey","tag-istanbul-makeup-artist","tag-mac-fondoten","tag-mac-gelin-makyaji","tag-makeup-artist-turkey"],"aioseo_notices":[],"_links":{"self":[{"href":"http:\/\/www.makyaj.me\/index.php\/wp-json\/wp\/v2\/pages\/874","targetHints":{"allow":["GET"]}}],"collection":[{"href":"http:\/\/www.makyaj.me\/index.php\/wp-json\/wp\/v2\/pages"}],"about":[{"href":"http:\/\/www.makyaj.me\/index.php\/wp-json\/wp\/v2\/types\/page"}],"author":[{"embeddable":true,"href":"http:\/\/www.makyaj.me\/index.php\/wp-json\/wp\/v2\/users\/1"}],"replies":[{"embeddable":true,"href":"http:\/\/www.makyaj.me\/index.php\/wp-json\/wp\/v2\/comments?post=874"}],"version-history":[{"count":1,"href":"http:\/\/www.makyaj.me\/index.php\/wp-json\/wp\/v2\/pages\/874\/revisions"}],"predecessor-version":[{"id":875,"href":"http:\/\/www.makyaj.me\/index.php\/wp-json\/wp\/v2\/pages\/874\/revisions\/875"}],"wp:featuredmedia":[{"embeddable":true,"href":"http:\/\/www.makyaj.me\/index.php\/wp-json\/wp\/v2\/media\/856"}],"wp:attachment":[{"href":"http:\/\/www.makyaj.me\/index.php\/wp-json\/wp\/v2\/media?parent=874"}],"wp:term":[{"taxonomy":"post_tag","embeddable":true,"href":"http:\/\/www.makyaj.me\/index.php\/wp-json\/wp\/v2\/tags?post=874"}],"curies":[{"name":"wp","href":"https:\/\/api.w.org\/{rel}","templated":true}]}}